number?
False
Is 796289 composite?
True
Is 71677 a prime number?
False
Is 2049 composite?
True
Is 66457 composite?
False
Is 103867 a composite number?
False
Is 72211 prime?
True
Is 41879 a prime number?
True
Is 126091 a prime number?
False
Is 22297 prime?
False
Is 52361 prime?
True
Is 67657 a composite number?
True
Is 938563 composite?
False
Is 26921 a composite number?
False
Is 343645 a prime number?
False
Is 462437 composite?
False
Is 5218 composite?
True
Is 718 a prime number?
False
Is 53338 composite?
True
Is 5534 composite?
True
Is 106901 a prime number?
False
Is 127945 a prime number?
False
Is 116507 composite?
False
Is 49273 prime?
False
Is 12689 a prime number?
True
Is 7349 composite?
False
Is 484951 a prime number?
True
Is 28505 a composite number?
True
Is 1234309 a composite number?
False
Is 63149 a composite number?
False
Is 125659 composite?
False
Is 5305 prime?
False
Is 239557 a composite number?
False
Is 282431 prime?
False
Is 811939 composite?
True
Is 896047 prime?
True
Is 971339 composite?
False
Is 4339 composite?
False
Is 3989 prime?
True
Is 1020797 a prime number?
True
Is 33311 a composite number?
False
Is 1553701 a composite number?
False
Is 218579 a prime number?
True
Is 43847 prime?
False
Is 2053 a prime number?
True
Is 322453 a prime number?
False
Is 821 a composite number?
False
Is 133043 composite?
True
Is 17669 a composite number?
False
Is 179 a composite number?
False
Is 3389 composite?
False
Is 9609 composite?
True
Is 17077 prime?
True
Is 2072321 a prime number?
True
Is 2413 a prime number?
False
Is 30161 prime?
True
Is 4249 prime?
False
Is 1346387 prime?
False
Is 1267709 composite?
False
Is 14461 prime?
True
Is 44059 composite?
False
Is 12767 a prime number?
False
Is 11273 composite?
False
Is 1108957 composite?
False
Is 4783 prime?
True
Is 19945 prime?
False
Is 85999 a prime number?
True
Is 92255 a prime number?
False
Is 196493 composite?
True
Is 4241 a composite number?
False
Is 3967 composite?
False
Is 28901 a composite number?
False
Is 112783 prime?
False
Is 194585 a prime number?
False
Is 69413 prime?
False
Is 739787 prime?
True
Is 7393 prime?
True
Is 53989 prime?
False
Is 3611 composite?
True
Is 2734 prime?
False
Is 591937 a prime number?
True
Is 11083 composite?
False
Is 93229 a prime number?
True
Is 26237 a composite number?
False
Is 18931 a prime number?
False
Is 14019 a prime number?
False
Is 1271 a composite number?
True
Is 2609 a prime number?
True
Is 673 a composite number?
False
Is 3046 a prime number?
False
Is 1413341 a prime number?
True
Is 131 prime?
True
Is 7243 composite?
False
Is 13765 prime?
False
Is 505439 prime?
False
Is 73121 a prime number?
True
Is 79451 a composite number?
False
Is 202381 prime?
True
Is 82421 prime?
True
Is 142589 a prime number?
True
Is 15118 a composite number?
True
Is 63703 a prime number?
True
Is 211 prime?
True
Is 173909 a composite number?
False
Is 126187 composite?
True
Is 29615 composite?
True
Is 1823 a composite number?
False
Is 118843 prime?
True
Is 243889 a composite number?
False
Is 102181 a prime number?
True
Is 333415 a composite number?
True
Is 11597 composite?
False
Is 65867 prime?
True
Is 442691 a prime number?
True
Is 31585 a composite number?
True
Is 15923 a composite number?
False
Is 265 composite?
True
Is 81281 a prime number?
True
Is 75079 a composite number?
False
Is 6377 a composite number?
True
Is 97107 a prime number?
False
Is 2341787 a prime number?
False
Is 227269 a composite number?
True
Is 2579 a composite number?
False
Is 226571 a prime number?
True
Is 1490557 composite?
False
Is 9619 a prime number?
True
Is 83553 composite?
True
Is 298783 composite?
True
Is 724678 composite?
True
Is 30029 a prime number?
True
Is 2921 prime?
False
Is 11863 a composite number?
False
Is 15709 composite?
True
Is 152657 a prime number?
True
Is 148331 a composite number?
False
Is 5179 a composite number?
False
Is 9647 a prime number?
False
Is 505759 prime?
True
Is 375169 a prime number?
True
Is 2285 a prime number?
False
Is 40433 a composite number?
False
Is 42865 a prime number?
False
Is 5897 a composite number?
False
Is 25219 composite?
False
Is 2395 a composite number?
True
Is 288929 prime?
True
Is 14243 composite?
False
Is 861683 composite?
True
Is 23227 a prime number?
True
Is 2471 a prime number?
False
Is 8873 composite?
True
Is 433469 a composite number?
False
Is 535 a prime number?
False
Is 210967 prime?
True
Is 2769391 prime?
True
Is 22141 a composite number?
True
Is 1073 composite?
True
Is 359 composite?
False
Is 194663 a prime number?
False
Is 83891 a composite number?
False
Is 5471 a composite number?
False
Is 441797 prime?
True
Is 16411 prime?
True
Is 30517 a composite number?
False
Is 3749 a prime number?
False
Is 77543 a prime number?
True
Is 1069 prime?
True
Is 726779 prime?
True
Is 21467 a composite number?
False
Is 9691 prime?
False
Is 34733 a prime number?
False
Is 1038119 a prime number?
True
Is 40547 a composite number?
True
Is 27655 a composite number?
True
Is 307 composite?
False
Is 10559 prime?
True
Is 1169921 composite?
True
Is 333263 prime?
False
Is 34439 composite?
False
Is 502 composite?
True
Is 602923 a composite number?
True
Is 12979 prime?
True
Is 25013 composite?
False
Is 58129 a prime number?
True
Is 52769 a prime number?
True
Is 25881 composite?
True
Is 19681 prime?
True
Is 1060203 a composite number?
True
Is 262189 a composite number?
True
Is 1053401 composite?
False
Is 506713 a composite number?
True
Is 1563593 a composite number?
True
Is 1861187 a composite number?
False
Is 255907 a prime number?
True
Is 148891 a composite number?
False
Is 1073857 a prime number?
True
Is 35729 composite?
False
Is 1425307 prime?
False
Is 34081 prime?
False
Is 409053 composite?
True
Is 140363 composite?
False
Is 21711 a prime number?
False
Is 547763 composite?
False
Is 167507 prime?
False
Is 15817 prime?
True
Is 185109 composite?
True
Is 200791 a composite number?
True
Is 413 composite?
True
Is 452927 a composite number?
True
Is 48903 composite?
True
Is 36083 prime?
True
Is 223057 prime?
False
Is 41671 composite?
True
Is 2417 a composite number?
False
Is 338177 a composite number?
True
Is 2839 a composite number?
True
Is 822949 composite?
False
Is 106391 a composite number?
False
Is 7001 prime?
True
Is 42667 a composite number?
False
Is 973853 a prime number?
True
Is 22853 a prime number?
True
Is 602179 a composite number?
False
Is 229669 prime?
False
Is 145577 composite?
False
Is 106627 a prime number?
True
Is 22045 prime?
False
Is 38593 prime?
True
Is 4751 composite?
False
Is 301141 a composite number?
False
Is 6607 a composite number?
False
Is 51713 a composite number?
False
Is 12941 composite?
False
Is 5207 prime?
False
Is 11519 prime?
True
Is 52361 prime?
True
Is 32987 a prime number?
True
Is 3683 composite?
True
Is 672701 composite?
True
Is 26822 composite?
True
Is 89207 composite?
True
Is 625193 a composite number?
True
Is 159521 prime?
True
Is 525457 a composite number?
False
Is 404671 a prime number?
True
Is 12713 a prime number?
True
Is 22141 a composite number?
True
Is 969071 prime?
True
Is 139982 prime?
False
Is 29453 composite?
False
Is 745267 a composite number?
True
Is 18134 prime?
False
Is 31847 composite?
False
Is 200523 composite?
True
Is 109689 a prime number?
False
Is 3979 a prime number?
False
Is 115585 composite?
True
Is 469 a prime number?
False
Is 2291 composite?
True
Is 6547 composite?
False
Is 904079 prime?
False
Is 3967 prime?
True
Is 1757 composite?
True
Is 1541 a composite number?
True
Is 86161 a prime number?
True
Is 26087 a composite number?
True
Is 3815297 prime?
False
Is 39929 a composite number?
False
Is 1198187 a composite number?
False
Is 116491 prime?
True
Is 4889 prime?
True
Is 1283 composite?
False
Is 11967 a composite number?
True
Is 1956685 a prime number?
False
Is 7771 a composite number?
True
Is 214899 a prime number?
False
Is 123241 composite?
True
Is 1365331 a composite number?
True
Is 254537 a composite number?
False
Is 670849 a composite number?
False
Is 25067 a prime number?
False
Is 13801 prime?
False
Is 2730513 a composite number?
True
Is 133069 a composite number?
False
Is 1433609 prime?
False
Is 1359991 composite?
False
Is 13057 composite?
True
Is 1481 a composite number?
False
Is 245103 a co